{"id":1376,"date":"2020-04-02T19:04:21","date_gmt":"2020-04-02T19:04:21","guid":{"rendered":"http:\/\/www.providaos.org.br\/provida\/?page_id=1376"},"modified":"2020-08-09T01:48:31","modified_gmt":"2020-08-09T01:48:31","slug":"editais-3","status":"publish","type":"page","link":"https:\/\/www.providaos.org.br\/provida\/editais-3\/","title":{"rendered":"EDITAIS"},"content":{"rendered":"  <div id=\"page-header-1327091810\" class=\"page-header-wrapper\">\n  <div class=\"page-title dark featured-title\">\n\n    \n    <div class=\"page-title-inner container align-center flex-row medium-flex-wrap\" >\n            <div class=\"title-content flex-col flex-right text-right medium-text-center\">\n        <div class=\"title-breadcrumbs pb-half pt-half\"><nav class=\"woocommerce-breadcrumb breadcrumbs\">In\u00edcio<\/nav><\/div>      <\/div>\n    <\/div><!-- flex-row -->\n\n     \n<style scope=\"scope\">\n\n#page-header-1327091810 .page-title-inner {\n  min-height: 10px;\n}\n#page-header-1327091810 .title-bg {\n  min-height: 10px;\n}\n<\/style>\n  <\/div><!-- .page-title -->\n    <\/div><!-- .page-header-wrapper -->\n  \n\t<section class=\"section\" id=\"section_2120024710\">\n\t\t<div class=\"bg section-bg fill bg-fill  bg-loaded\" >\n\n\t\t\t\n\t\t\t\n\t\t\t\n\n\t\t<\/div><!-- .section-bg -->\n\n\t\t<div class=\"section-content relative\">\n\t\t\t\n<div class=\"row\"  id=\"row-345769881\">\n<div class=\"col small-12 large-12\"  ><div class=\"col-inner\"  >\n\n\t\t<div class=\"icon-box featured-box icon-box-left text-left\"  style=\"margin:0px 0px 7 0px;\">\n\t\t\t\t\t<div class=\"icon-box-img\" style=\"width: 50px\">\n\t\t\t\t<div class=\"icon\">\n\t\t\t\t\t<div class=\"icon-inner\" >\n\t\t\t\t\t\t<img loading=\"lazy\" decoding=\"async\" width=\"225\" height=\"225\" src=\"https:\/\/www.providaos.org.br\/provida\/wp-content\/uploads\/2020\/01\/PDFICON.jpg\" class=\"attachment-medium size-medium\" alt=\"\" srcset=\"https:\/\/www.providaos.org.br\/provida\/wp-content\/uploads\/2020\/01\/PDFICON.jpg 225w, https:\/\/www.providaos.org.br\/provida\/wp-content\/uploads\/2020\/01\/PDFICON-150x150.jpg 150w, https:\/\/www.providaos.org.br\/provida\/wp-content\/uploads\/2020\/01\/PDFICON-100x100.jpg 100w\" sizes=\"auto, (max-width: 225px) 100vw, 225px\" \/>\t\t\t\t\t<\/div>\n\t\t\t\t<\/div>\n\t\t\t<\/div>\n\t\t\t\t<div class=\"icon-box-text last-reset\">\n\t\t\t\t\t\t\t\t\t\n<h3><a href=\"http:\/\/www.providaos.org.br\/provida\/cotacaoonline\/\">REGULAMENTO DE COMPRAS<\/a><\/h3>\n\t\t<\/div>\n\t<\/div><!-- .icon-box -->\n\t\n\t\n\n\t\t<div class=\"icon-box featured-box icon-box-left text-left\"  style=\"margin:0px 0px 7 0px;\">\n\t\t\t\t\t<div class=\"icon-box-img\" style=\"width: 50px\">\n\t\t\t\t<div class=\"icon\">\n\t\t\t\t\t<div class=\"icon-inner\" >\n\t\t\t\t\t\t<img loading=\"lazy\" decoding=\"async\" width=\"225\" height=\"225\" src=\"https:\/\/www.providaos.org.br\/provida\/wp-content\/uploads\/2020\/01\/PDFICON.jpg\" class=\"attachment-medium size-medium\" alt=\"\" srcset=\"https:\/\/www.providaos.org.br\/provida\/wp-content\/uploads\/2020\/01\/PDFICON.jpg 225w, https:\/\/www.providaos.org.br\/provida\/wp-content\/uploads\/2020\/01\/PDFICON-150x150.jpg 150w, https:\/\/www.providaos.org.br\/provida\/wp-content\/uploads\/2020\/01\/PDFICON-100x100.jpg 100w\" sizes=\"auto, (max-width: 225px) 100vw, 225px\" \/>\t\t\t\t\t<\/div>\n\t\t\t\t<\/div>\n\t\t\t<\/div>\n\t\t\t\t<div class=\"icon-box-text last-reset\">\n\t\t\t\t\t\t\t\t\t\n<h3>REGULAMENTO DE CONTRATA\u00c7\u00c3O DE PESSOAL<\/h3>\n\t\t<\/div>\n\t<\/div><!-- .icon-box -->\n\t\n\t\n\n\t<a class=\"plain\" href=\"http:\/\/www.providaos.org.br\/provida\/editais-processo-seletivo\/\"target=\"_self\">\t<div class=\"icon-box featured-box icon-box-left text-left\"  style=\"margin:0px 0px 7 0px;\">\n\t\t\t\t\t<div class=\"icon-box-img\" style=\"width: 50px\">\n\t\t\t\t<div class=\"icon\">\n\t\t\t\t\t<div class=\"icon-inner\" >\n\t\t\t\t\t\t<img loading=\"lazy\" decoding=\"async\" width=\"225\" height=\"225\" src=\"https:\/\/www.providaos.org.br\/provida\/wp-content\/uploads\/2020\/01\/PDFICON.jpg\" class=\"attachment-medium size-medium\" alt=\"\" srcset=\"https:\/\/www.providaos.org.br\/provida\/wp-content\/uploads\/2020\/01\/PDFICON.jpg 225w, https:\/\/www.providaos.org.br\/provida\/wp-content\/uploads\/2020\/01\/PDFICON-150x150.jpg 150w, https:\/\/www.providaos.org.br\/provida\/wp-content\/uploads\/2020\/01\/PDFICON-100x100.jpg 100w\" sizes=\"auto, (max-width: 225px) 100vw, 225px\" \/>\t\t\t\t\t<\/div>\n\t\t\t\t<\/div>\n\t\t\t<\/div>\n\t\t\t\t<div class=\"icon-box-text last-reset\">\n\t\t\t\t\t\t\t\t\t\n<h3><a href=\"http:\/\/www.providaos.org.br\/provida\/editais-processo-seletivo\/\">EDITAL PROCESSO SELETIVO PARA CONTRATA\u00c7\u00c3O DE PESSOAL (RESERVA T\u00c9CNICA)<\/a><\/h3>\n\t\t<\/div>\n\t<\/div><!-- .icon-box -->\n\t<\/a>\n\t\n<\/div><\/div>\n<\/div>\n\t\t<\/div><!-- .section-content -->\n\n\t\t\n<style scope=\"scope\">\n\n#section_2120024710 {\n  padding-top: 30px;\n  padding-bottom: 30px;\n}\n<\/style>\n\t<\/section>\n\t\n","protected":false},"excerpt":{"rendered":"","protected":false},"author":2,"featured_media":0,"parent":0,"menu_order":0,"comment_status":"closed","ping_status":"closed","template":"page-blank.php","meta":{"footnotes":""},"class_list":["post-1376","page","type-page","status-publish","hentry"],"_links":{"self":[{"href":"https:\/\/www.providaos.org.br\/provida\/wp-json\/wp\/v2\/pages\/1376","targetHints":{"allow":["GET"]}}],"collection":[{"href":"https:\/\/www.providaos.org.br\/provida\/wp-json\/wp\/v2\/pages"}],"about":[{"href":"https:\/\/www.providaos.org.br\/provida\/wp-json\/wp\/v2\/types\/page"}],"author":[{"embeddable":true,"href":"https:\/\/www.providaos.org.br\/provida\/wp-json\/wp\/v2\/users\/2"}],"replies":[{"embeddable":true,"href":"https:\/\/www.providaos.org.br\/provida\/wp-json\/wp\/v2\/comments?post=1376"}],"version-history":[{"count":6,"href":"https:\/\/www.providaos.org.br\/provida\/wp-json\/wp\/v2\/pages\/1376\/revisions"}],"predecessor-version":[{"id":1737,"href":"https:\/\/www.providaos.org.br\/provida\/wp-json\/wp\/v2\/pages\/1376\/revisions\/1737"}],"wp:attachment":[{"href":"https:\/\/www.providaos.org.br\/provida\/wp-json\/wp\/v2\/media?parent=1376"}],"curies":[{"name":"wp","href":"https:\/\/api.w.org\/{rel}","templated":true}]}}